alse
Is 10885907 composite?
False
Is 680462171 a composite number?
False
Is 241754251 a prime number?
True
Is 48605069 a prime number?
False
Is 21484621 a composite number?
True
Is 7251753 composite?
True
Is 345407 a prime number?
False
Is 78640073 a prime number?
True
Is 3577597 composite?
False
Is 32053573 a composite number?
False
Is 2663231 prime?
True
Is 573673 composite?
False
Is 5209889 prime?
True
Is 10673023 composite?
True
Is 4497271 prime?
True
Is 30553 a composite number?
False
Is 2122793 composite?
False
Is 205910609 a prime number?
True
Is 12013921 a composite number?
True
Is 1931261 a prime number?
True
Is 69270331 composite?
True
Is 352757447 prime?
False
Is 124886101 composite?
False
Is 189220117 composite?
False
Is 6147563 prime?
True
Is 3865733 composite?
False
Is 920729 prime?
True
Is 482131 prime?
False
Is 4090393 composite?
True
Is 19272709 composite?
False
Is 6909709 prime?
True
Is 8678639 composite?
False
Is 994427 composite?
True
Is 2545999 composite?
True
Is 222785549 composite?
True
Is 7381678 a composite number?
True
Is 22453211 a composite number?
True
Is 3560449 composite?
True
Is 23696707 a prime number?
True
Is 20956129 a prime number?
True
Is 22863986 composite?
True
Is 812387 composite?
False
Is 6362887 a prime number?
True
Is 15072349 a prime number?
True
Is 18657211 prime?
False
Is 6406055 prime?
False
Is 120502 composite?
True
Is 232241423 prime?
True
Is 67023779 composite?
False
Is 191160533 a composite number?
False
Is 34109741 prime?
False
Is 19155157 prime?
False
Is 53466505 composite?
True
Is 5449811 prime?
True
Is 1656371 a prime number?
False
Is 49695293 prime?
False
Is 221352091 composite?
False
Is 495058 a composite number?
True
Is 7699771 prime?
False
Is 264587 a prime number?
False
Is 39965557 a prime number?
False
Is 26856587 prime?
False
Is 569583187 a composite number?
True
Is 195649067 composite?
False
Is 109081121 a composite number?
True
Is 319295297 a prime number?
False
Is 12873149 composite?
False
Is 119858239 a prime number?
True
Is 62853661 prime?
False
Is 22014227 a composite number?
True
Is 21287701 a prime number?
True
Is 2014879 composite?
True
Is 1766971 composite?
False
Is 1715761 a prime number?
True
Is 11287391 composite?
True
Is 17518843 composite?
False
Is 4673003 composite?
False
Is 24923111 a prime number?
True
Is 733212287 a composite number?
False
Is 1063685603 a prime number?
False
Is 774314173 prime?
True
Is 8302859 a prime number?
False
Is 8628967 a composite number?
False
Is 2402921 a composite number?
False
Is 7905977 a prime number?
False
Is 3426277 a composite number?
False
Is 44223226 a prime number?
False
Is 4720937 a prime number?
False
Is 31133563 composite?
True
Is 199247 a composite number?
False
Is 1418647 a composite number?
True
Is 434909 composite?
False
Is 707534 composite?
True
Is 28694291 composite?
True
Is 1103579 composite?
False
Is 260366137 prime?
True
Is 1211377 composite?
True
Is 112570163 a composite number?
False
Is 2403651 prime?
False
Is 6945637 prime?
True
Is 76127563 prime?
True
Is 6230839 a prime number?
False
Is 2163877 composite?
True
Is 16930981 a prime number?
False
Is 2647069313 a prime number?
False
Is 12843599 composite?
False
Is 53982893 composite?
False
Is 3045059 composite?
True
Is 110879 composite?
False
Is 189288479 prime?
False
Is 10296571 a prime number?
False
Is 13100827 a composite number?
True
Is 2529377 a composite number?
True
Is 110729 a prime number?
True
Is 44067269 a prime number?
False
Is 11846477 prime?
True
Is 30209681 a prime number?
True
Is 7275101 prime?
False
Is 235188617 prime?
False
Is 136734259 a composite number?
False
Is 769382 prime?
False
Is 48519607 a prime number?
False
Is 31797433 a composite number?
True
Is 14351173 a prime number?
True
Is 4518109 a composite number?
False
Is 4585205 a composite number?
True
Is 35110697 a composite number?
False
Is 3847251 a composite number?
True
Is 323233653 a composite number?
True
Is 27834463 composite?
True
Is 37347809 a composite number?
False
Is 49433431 prime?
False
Is 74592241 a prime number?
True
Is 606113 a composite number?
False
Is 13171493 a composite number?
True
Is 85999733 a composite number?
True
Is 11635489 composite?
True
Is 74452579 composite?
False
Is 25037671 a prime number?
True
Is 19848193 prime?
True
Is 658859 prime?
False
Is 6135667 a composite number?
False
Is 12721789 composite?
False
Is 148103873 a prime number?
True
Is 281173 composite?
True
Is 66679019 prime?
False
Is 22806781 composite?
False
Is 67565983 a composite number?
True
Is 155388263 a composite number?
False
Is 208796153 composite?
False
Is 53544889 composite?
False
Is 428463433 a composite number?
True
Is 5261977 a prime number?
False
Is 16871 composite?
False
Is 1210631 a prime number?
True
Is 3032149 a composite number?
False
Is 9149453 prime?
False
Is 14645123 prime?
True
Is 2987911 composite?
False
Is 5030653 composite?
False
Is 22302173 a composite number?
True
Is 9065867 composite?
False
Is 17244947 a prime number?
True
Is 36442279 prime?
True
Is 54755677 composite?
False
Is 2450629 composite?
False
Is 600938447 prime?
True
Is 70594441 composite?
True
Is 418219331 a prime number?
True
Is 23897899 prime?
True
Is 130387591 composite?
True
Is 157031 composite?
True
Is 259479097 a composite number?
True
Is 16044785 prime?
False
Is 10957169 composite?
False
Is 3523711 prime?
True
Is 10331513 prime?
True
Is 20852309 a composite number?
False
Is 2592271 a composite number?
True
Is 247016197 prime?
True
Is 315766705 prime?
False
Is 24724807 a prime number?
True
Is 6002669 a prime number?
True
Is 2014451 a composite number?
True
Is 220053 composite?
True
Is 5509469 composite?
True
Is 2226811 composite?
False
Is 1875521 a composite number?
False
Is 21114127 prime?
True
Is 531931 prime?
False
Is 25188347 a prime number?
True
Is 6357751 prime?
True
Is 12035759 a prime number?
False
Is 171502 a prime number?
False
Is 17693833 a composite number?
False
Is 72860737 prime?
True
Is 14173307 a prime number?
True
Is 17358641 a composite number?
False
Is 26762059 prime?
True
Is 4192651 a composite number?
True
Is 880769 prime?
False
Is 5446333 composite?
True
Is 19344613 composite?
True
Is 11550113 composite?
False
Is 2105509 composite?
True
Is 1402403 a prime number?
False
Is 7349101 composite?
False
Is 2770883 a prime number?
True
Is 6949903 a prime number?
False
Is 3006529 composite?
False
Is 78168169 a composite number?
False
Is 4813309 a composite number?
False
Is 2147573 composite?
True
Is 3943517 a prime number?
True
Is 1984133 prime?
True
Is 21498518 a composite number?
True
Is 92099237 a composite number?
True
Is 1387655 a composite number?
True
Is 665813 composite?
False
Is 576713777 a prime number?
True
Is 13743901 composite?
False
Is 25398409 a composite number?
False
Is 605329 a composite number?
False
Is 314707 composite?
False
Is 244217 composite?
False
Is 10480831 a composite number?
False
Is 91491391 a composite number?
True
Is 3354553 prime?
True
Is 35575219 a prime number?
True
Is 974869 a composite number?
True
Is 128577263 a composite number?
False
Is 502966109 prime?
True
Is 2568539 a composite number?
True
Is 177029 a composite number?
True
Is 819479437 composite?
True
Is 1023521 a composite number?
False
Is 25742615 a prime number?
False
Is 5682073 prime?
True
Is 1343503 composite?
True
Is 101508371 a composite number?
True
Is 171248617 a prime number?
False
Is 415951433 composite?
False
Is 52863791 composite?
True
Is 2259269 a prime number?
False
Is 246233681 composite?
True
Is 10262123 prime?
True
Is 8678333 a composite number?
False
Is 9637991 a prime number?
False
Is 147083509 composite?
False
Is 13319791 prime?
True
Is 74516923 a prime number?
False
Is 438439 a composite number?
False
Is 2022191 composite?
False
Is 113320939 prime?
True
Is 11450669 composite?
False
Is 2896249 composite?
True
Is 31665031 a prime number?
True
Is 12066797 a composite number?
False
Is 375743 prime?
True
Is 15922457 composite?
False
Is 142353635 a composite number?
True
Is 19200677 prime?
False
Is 1975279 a composite number?
False
Is 108627811 a composite number?
True
Is 882888157 composite?
False
Is 10986181 a prime number?
False
Is 12287029 a composite number?
True
Is 10191